 (-1 - h/(-2)) + 35 is divided by s(1).
9
Suppose 3*p - 2*p - 89 = 5*k, -207 = -3*p + 3*k. What is the remainder when p is divided by 14?
8
Let r = 175 - 92. Suppose 11 = z - 10. Calculate the remainder when r is divided by z.
20
Suppose 5*s = -2*v - 8, 5*v = -22 + 2. Suppose -172 = 4*c - s*c. Let i = -28 - c. What is the remainder when 28 is divided by i?
13
Let p be 50/8 - (1 + 6/(-8)). What is the remainder when 80 + (-9)/((-54)/(-4))*p is divided by 41?
35
Suppose 4*b = 0, -2*c + b + 15 = 3*c. Let s be 1*4 - (c + -331). Suppose s = 11*o - 7*o. What is the remainder when o is divided by 28?
27
Suppose 19 = 4*o - 3*q, 36*o + 7 = 37*o - 3*q. Calculate the remainder when 62 is divided by o.
2
Let t be (93/(-31))/(2*(-3)/10). Suppose -5*o = -c - 20, 3*c + 20 = t*o + c. What is the remainder when 4 is divided by o?
0
Let d(f) = -5*f - 74*f**2 + 142*f**2 - 66*f**2 + 8. Calculate the remainder when d(4) is divided by 12.
8
Suppose -166 = 32*v - 34*v. Calculate the remainder when v is divided by 48.
35
Let y(f) = 10*f - 215. Calculate the remainder when 67 is divided by y(25).
32
Let a(f) = -f**3 - 8*f**2 - 6*f - 5. Suppose -w - 1 = -24. Calculate the remainder when a(-8) is divided by w.
20
Suppose 4*i + i - v - 64 = 0, 0 = -5*i + 2*v + 68. Suppose -1202 = -i*s - 446. What is the remainder when s is divided by 32?
31
Let k = -24 - -30. What is the remainder when 58/4 + 15/10 is divided by ((-4)/k)/((-2)/21)?
2
Let q = 2 - -1. Let r(v) be the first derivative of v**4/4 + 8*v**3/3 - 5*v**2 - v - 15. What is the remainder when r(-9) is divided by q?
2
Suppose -4*v = -6*v. Let j(q) be the third derivative of -q**6/120 - q**5/60 + 13*q**3/2 + 5*q**2 + 19*q. Calculate the remainder when j(v) is divided by 20.
19
Suppose -12 = -5*f + 3. Let p = 21 - f. Suppose -4*z + 6*z - 142 = 0. What is the remainder when z is divided by p?
17
Let p be 1/4*1*(72 - -4). Let c = 19 + p. What is the remainder when c is divided by 13?
12
Let i = -88 - -91. Suppose a + 18 = 15, i*m = 4*a + 69. What is the remainder when 338/6 + 2/(-6) is divided by m?
18
Let i = -409 - -446. What is the remainder when 108 is divided by i?
34
Let k be 0/3 - 2 - -2. Suppose k*v = 4*v - 44. Suppose -5*y = -60 - 205. Calculate the remainder when y is divided by v.
9
Let x(j) = 8*j - 112. What is the remainder when 219 is divided by x(16)?
11
Let y = 21 + -12. Let f(k) = k**2 + k - 9. Calculate the remainder when f(y) is divided by 21.
18
Let g = 169 - 144. Let p = 70 - -27. What is the remainder when p is divided by g?
22
Let c = -21528 + 21534. Suppose -5*l - 4*i + 43 = -39, l = -5*i + 8. Let n = 3 + l. What is the remainder when n is divided by c?
3
Suppose 2*u = 3*l - 131, 2*l + 4*u - 62 = -u. Calculate the remainder when l is divided by 12.
5
Let y(m) = m + 9. Let j be y(-6). Suppose f = -j - 4. Let s = 24 + f. What is the remainder when 28 is divided by s?
11
Let f be (-2)/(-4)*7/((-14)/(-316)). Suppose -74*u - 40 = -f*u. Suppose y - 5*j + 13 = -2*j, 0 = -4*y - 5*j + 33. What is the remainder when u is divided by y?
0
Let g(u) = u**3 - 5*u**2 + u + 14. What is the remainder when g(6) is divided by 19?
18
Let m(c) = c**2 + 9*c + 36. Let f be m(-7). Let n = f + -4. What is the remainder when 34 is divided by n?
16
Let h(b) = -16*b - 305. Calculate the remainder when h(-25) is divided by 17.
10
Let n = 28 - 26. Suppose -2*q = -10, n*w - 2*q - 64 = -4*q. What is the remainder when w is divided by 7?
6
Suppose -o - 4*g = -2*g - 56, 3*o = -3*g + 177. Suppose 0 = -3*z - o + 455. Calculate the remainder when z is divided by 22.
21
Let f(y) = -108*y + 1. Let g be f(-1). Suppose 5*w - g = -4*b, b - 79 = -3*w + 2*b. Calculate the remainder when 48 is divided by w.
23
What is the remainder when 97 is divided by (20/25)/((-28)/(-490))?
13
Suppose 108 = 4*f + 4*y, f + 5*y - 39 + 0 = 0. What is the remainder when 114 is divided by f?
18
Let i(m) = -2*m + 6. Suppose -4*w = -w. Let k be i(w). Suppose -k = -7*q + 6*q. Calculate the remainder when 28 is divided by q.
4
Let y(u) = -u**3 - 15*u**2 - 45*u + 13. What is the remainder when y(-14) is divided by 90?
87
Suppose -m - 6*m + 259 = 0. Suppose -3*t + 5*w + 88 = -126, -5*t + 2*w + 363 = 0. Calculate the remainder when t is divided by m.
36
Suppose -1006 = -17*w - 122. Calculate the remainder when 144 is divided by w.
40
Let m(p) = 2*p**2 + 12*p + 3. Let a be m(-9). Suppose -3*g + 3*n - a = 0, 7*g + 4*n + 59 = 2*g. Let l = 32 + g. What is the remainder when 67 is divided by l?
16
Suppose 4*n + 1 = 37. Let j = -6 + n. Suppose -3*r - j*x = -114, 2*r - x = 44 + 20. What is the remainder when r is divided by 9?
7
Let r = -20 + 73. Suppose j + r = 4*z, 0*z + 5*j = z - 37. Suppose -2*c = -87 - 7. What is the remainder when c is divided by z?
11
Let h = -34 - -52. Calculate the remainder when 38 is divided by 0 + 12 - (-36)/h.
10
Let z = 11 + -6. Let v(q) = 17 - 4*q**2 + z*q**2 + 0*q**2 - q**3 + q. Calculate the remainder when 67 is divided by v(0).
16
Let b = -9 + 23. Suppose -13*v = 6*v - 665. Calculate the remainder when v is divided by b.
7
Let u(t) = t + 5. Let w = 211 - 207. What is the remainder when u(0) is divided by w?
1
Let d(j) = -100*j - 804. What is the remainder when d(-9) is divided by 33?
30
Let i be -10*(1/2)/(-1). Let h = 26 + i. Let b = 332 + -321. What is the remainder when h is divided by b?
9
Calculate the remainder when 152 is divided by -102*(20/(-35) - (-7)/98).
50
Suppose -5*t + 5*a + 65 = 0, 2*t + a = 6 + 17. Calculate the remainder when 68 is divided by t.
8
Let o = 27 + -27. Suppose 0 = 3*r - o*r - 45. What is the remainder when 56 is divided by r?
11
Let q(m) = -1. Let d(c) = -c**3 - 7*c**2 - 5*c - 3. Let a(t) = -d(t) - 6*q(t). Calculate the remainder when a(-5) is divided by 19.
15
Let y(a) = -2*a**3 + 15*a**2 + 12*a - 6. What is the remainder when ((-33)/(-6))/((-2)/(-28)) is divided by y(8)?
25
Let x = -106 - -152. What is the remainder when x is divided by 22?
2
Let m(k) = 2*k**2 - 22*k. Let u be m(11). Suppose -3*c + u*c - 3*j = -15, -22 = -2*c + 4*j. Calculate the remainder when (-15*1)/(3/(-4)) is divided by c.
6
Suppose -5*p = -4*f - 37, -3*p - p - 4*f + 8 = 0. Suppose 5*a + 2*j + 27 = 0, -7 = p*j - 2. What is the remainder when (1 + 0)/((-1)/a) is divided by 2?
1
Let g = 581 + -437. Calculate the remainder when g is divided by 50.
44
Suppose 2*b - 28 = -2*h + h, -2*h + 11 = -5*b. Suppose -3*g - 273 = -4*c, 2*g = 4*c + g - 275. Calculate the remainder when c is divided by h.
15
Suppose p + 0*h = -5*h + 3, 2*h = -2*p + 30. Let u be 2/(-2)*1 - -16. Suppose 37 + u = n. What is the remainder when n is divided by p?
16
Let g(r) = r - 11. Let t be g(8). Let c = -36 + 76. Calculate the remainder when c - 0*t/15 is divided by 21.
19
Let p = 42 + -34. Suppose -p = -2*d + d. What is the remainder when 30 is divided by d?
6
Suppose -4*f + 557 = 3*z - 9*f, 3*z - 565 = f. What is the remainder when z is divided by 25?
14
Let o be (3/6)/(6/60). What is the remainder when -1*(-4 + o)/((-1)/39) is divided by ((-6)/(-4))/(6/56)?
11
Suppose -m + 3*x + x = -48, 0 = 3*m + 3*x - 159. What is the remainder when m is divided by 9?
7
Suppose -33*w = -28*w - 555. Let o = w - 26. Suppose p - 10 = -4*k, -4*p - 2*k - 14 = -96. What is the remainder when o is divided by p?
19
Let o = 1573 + -1410. What is the remainder when o is divided by 47?
22
Let j = -363 + 427. What is the remainder when 382 is divided by j?
62
Let z be 6/(-3) + 7/1 + -2. Suppose 23 = 2*n - 0*x + z*x, x = 3*n - 51. Calculate the remainder when n is divided by 6.
4
Suppose v - 20 = -5*b, b + v - 4 = -4*v. Let o = 25 - b. What is the remainder when o is divided by 8?
5
Let t(p) = 47*p**3 - p. Let s be t(1). Suppose -18*i + 17*i + s = 0. Calculate the remainder when i is divided by -3 + 1 + 10/1.
6
Let z(g) = 7*g + 23. Suppose 0 = -3*l + 3*c + 27 + 27, -4*l - 5*c + 90 = 0. Calculate the remainder when z(l) is divided by 42.
37
Let f be 5 + -3 + (-1 + 2)/1. Suppose -2*l = f*z - 22, 2*z - 11 = -2*l + l. What is the remainder when 21 is divided by l?
10
Let c(w) = -2*w**3 + 20*w**2 + 3*w - 27. Let a be c(10). What is the remainder when a - 0 - (8 + (7 - 72)) is divided by 22 + (0 - (3 + -2))?
18
Calculate the remainder when 626 is divided by 4/(-5) + (-3008)/(-160).
14
Let g = 4 - 